{"id":196,"date":"2021-09-24T10:41:03","date_gmt":"2021-09-24T07:41:03","guid":{"rendered":"https:\/\/crowst.com\/crowsters\/?page_id=196"},"modified":"2021-11-05T11:09:23","modified_gmt":"2021-11-05T09:09:23","slug":"sirpa-60-turkku","status":"publish","type":"page","link":"https:\/\/www.crowst.com\/crowsters\/fi\/anna-me-kerromme\/sirpa-60-turkku\/","title":{"rendered":"Sirpa 60, Turkku"},"content":{"rendered":"\n<h6 class=\"wp-block-heading\"><strong>K\u00e4ytt\u00e4\u00e4 lahjakortit<\/strong><\/h6>\n\n\n\n<p>Ker\u00e4\u00e4&nbsp;Ikea-lahjakortteja kaapin ostoa varten<\/p>\n\n\n\n<figure class=\"wp-block-image size-large\"><img loading=\"lazy\" decoding=\"async\" width=\"700\" height=\"700\" src=\"https:\/\/crowst.com\/crowsters\/wp-content\/uploads\/sites\/2\/2021\/11\/sirpa-700x700.jpg\" alt=\"\" class=\"wp-image-1064\" srcset=\"https:\/\/www.crowst.com\/crowsters\/wp-content\/uploads\/sites\/2\/2021\/11\/sirpa-700x700.jpg 700w, https:\/\/www.crowst.com\/crowsters\/wp-content\/uploads\/sites\/2\/2021\/11\/sirpa-250x250.jpg 250w, https:\/\/www.crowst.com\/crowsters\/wp-content\/uploads\/sites\/2\/2021\/11\/sirpa-150x150.jpg 150w, https:\/\/www.crowst.com\/crowsters\/wp-content\/uploads\/sites\/2\/2021\/11\/sirpa-120x120.jpg 120w, https:\/\/www.crowst.com\/crowsters\/wp-content\/uploads\/sites\/2\/2021\/11\/sirpa.jpg 768w\" sizes=\"auto, (max-width: 700px) 100vw, 700px\" \/><\/figure>\n\n\n\n<h4 class=\"wp-block-heading\">Kyselyihin vastaaminen laajentaa n\u00e4k\u00f6kulmia<\/h4>\n\n\n\n<p class=\"ingress\"><em>\u00c5bo Akademin toimistoem\u00e4nt\u00e4n\u00e4 ty\u00f6skentelev\u00e4lle Sirpalle perhe ja yst\u00e4vyyssuhteet ovat l\u00e4hell\u00e4 syd\u00e4nt\u00e4. Aikuiset lapset ovat jo muuttaneet pois kotoa, joten vapaa-aikana yst\u00e4v\u00e4t kutsutaan Sirpan ja h\u00e4nen aviomiehens\u00e4 kotiin pitk\u00e4n kaavan illalliselle tai l\u00e4hdet\u00e4\u00e4n kulttuuririentoihin esimerkiksi teatterin tai konserttien muodossa.<\/em><\/p>\n\n\n\n<p>Uteliaan ja kokeilunhaluisen Sirpan harrastuksiin kuuluu my\u00f6s puutarhanhoitoa, liikuntaa ja marttatoimintaa. Sirpa kertoo my\u00f6s erikoisemmasta harrastuksestaan post crossingista, jossa postikortteja l\u00e4hetell\u00e4\u00e4n tuntemattomille ihmisille ymp\u00e4ri maailman. Lemmikkin\u00e4 kotona on kissa. \u201dHaluan laajentaa n\u00e4k\u00f6kulmiani ja samasta syyst\u00e4 p\u00e4\u00e4dyin Crowstinkin pariin. Huomasin bussissa mainosvideon ja yllytyshulluna kiinnostuin kokeilemaan sovellusta. Sen j\u00e4lkeen olen k\u00e4ytt\u00e4nyt Crowstia ahkerasti!\u201d, Sirpa kertoo.<\/p>\n\n\n\n<p>Sirpan mieleen ovat ajankohtaiset kyselyt, joihin vastaamalla pysyy k\u00e4rryill\u00e4 maailman menosta ja l\u00f6yt\u00e4\u00e4 uusia n\u00e4k\u00f6kulmia asioihin. Suosikkeja ovat joka viikkoiset Viikon juttu -kyselyt, joihin voi vastata mist\u00e4 vaan. Sirpa k\u00e4ytt\u00e4\u00e4 Crowstia p\u00e4ivitt\u00e4in ja onkin yhdeks\u00e4ss\u00e4 kuukaudessa noussut Phoenix-tasolle, joka on Crowstin toiseksi korkein taso. N\u00e4in ollen Sirpa ansaitsee t\u00e4ll\u00e4 hetkell\u00e4 25 % extraa jokaisesta kyselyst\u00e4, johon h\u00e4n vastaa. \u201dT\u00f6iss\u00e4 saattaa v\u00e4lill\u00e4 tulla hiljaisempia hetki\u00e4, joilla voin helposti k\u00e4ytt\u00e4\u00e4 aikani hy\u00f6dyksi vastaamalla Crowstin kyselyihin. Usein vastailen my\u00f6s kotona t\u00f6iden j\u00e4lkeen.\u201d, Sirpa kuvailee. Paikkasidonnaisista kyselyist\u00e4 Sirpan mieleen ovat arviointiteht\u00e4v\u00e4t, joita saa k\u00e4yd\u00e4 tekem\u00e4ss\u00e4 omien aikataulujensa mukaan. Nopeaa reagointia vaativiin kyselyihin h\u00e4n p\u00e4\u00e4see harvemmin osallistumaan t\u00f6iden takia.<\/p>\n\n\n\n<blockquote class=\"wp-block-quote is-layout-flow wp-block-quote-is-layout-flow\"><p>\u201dIkeassa on tietty kaappi, joka minulla on tavoiteena hankkia lahjakorteilla. On kiva ajatella, ett\u00e4 sitten kun katson kaappia, olen oikeastaan ostanut sen mielipiteill\u00e4ni.\u201d<\/p><\/blockquote>\n\n\n\n<p>Parasta Crowstissa on Sirpan mielest\u00e4 vaikuttaminen. \u201dOn mahtavaa, ett\u00e4 t\u00e4t\u00e4 kautta pieni ihminen saa mielipiteens\u00e4 kuuluviin. Itse sovellus on selke\u00e4 ja helppok\u00e4ytt\u00f6inen, jopa minun sukupolvelleni. Tietysti on kiva, ett\u00e4 t\u00e4t\u00e4 kautta ansaitsee my\u00f6s hieman taskurahaa.\u201d, Sirpa pohtii.<\/p>\n\n\n\n<p>Lahjakorttivalikoimasta Sirpa lunastaa ker\u00e4\u00e4mill\u00e4\u00e4n rahoilla Ikean lahjakortteja. \u201dIkeassa on tietty kaappi, joka minulla on tavoitteena hankkia lahjakorteilla. On kiva ajatella, ett\u00e4 sitten kun katson kaappia, olen oikeastaan ostanut sen mielipiteill\u00e4ni. Se on sellainen konkreettinen asia.\u201d, Sirpa miettii.<\/p>\n\n\n\n<p>Sirpan mielest\u00e4 kaikkien kannattaisi kokeilla Crowstia. \u201dKyll\u00e4 se kannattaa, eih\u00e4n siin\u00e4 sitoudu mihink\u00e4\u00e4n vaan voi vaikuttaa asioihin silloin kun itsest\u00e4 silt\u00e4 tuntuu. Eip\u00e4 siin\u00e4 ole mit\u00e4\u00e4n menetett\u00e4v\u00e4\u00e4k\u00e4\u00e4n!\u201d , Sirpa kannustaa.<\/p>\n\n\n\n<div class=\"wp-block-group greige-section slim-content fullwidth\"><div class=\"wp-block-group__inner-container is-layout-flow wp-block-group-is-layout-flow\">\n<h2 class=\"has-text-align-center wp-block-heading\">Anna maailman <br>kuulla <span class=\"bold\">\u00e4\u00e4nesi<\/span><\/h2>\n\n\n\n<div class=\"wp-block-columns lataa-sovellus is-layout-flex wp-container-core-columns-is-layout-9d6595d7 wp-block-columns-is-layout-flex\">\n<div class=\"wp-block-column is-layout-flow wp-block-column-is-layout-flow\">\n<figure class=\"wp-block-image size-full\"><a href=\"https:\/\/apps.apple.com\/fi\/app\/crowst\/id1139748148\" target=\"_blank\" rel=\"noopener\"><img loading=\"lazy\" decoding=\"async\" width=\"596\" height=\"168\" src=\"https:\/\/crowst.com\/crowsters\/wp-content\/uploads\/sites\/2\/2021\/10\/lataa-crowst-appstoresta.png\" alt=\"\" class=\"wp-image-775\" srcset=\"https:\/\/www.crowst.com\/crowsters\/wp-content\/uploads\/sites\/2\/2021\/10\/lataa-crowst-appstoresta.png 596w, https:\/\/www.crowst.com\/crowsters\/wp-content\/uploads\/sites\/2\/2021\/10\/lataa-crowst-appstoresta-250x70.png 250w, https:\/\/www.crowst.com\/crowsters\/wp-content\/uploads\/sites\/2\/2021\/10\/lataa-crowst-appstoresta-120x34.png 120w\" sizes=\"auto, (max-width: 596px) 100vw, 596px\" \/><\/a><\/figure>\n<\/div>\n\n\n\n<div class=\"wp-block-column is-layout-flow wp-block-column-is-layout-flow\">\n<figure class=\"wp-block-image size-full\"><a href=\"https:\/\/play.google.com\/store\/apps\/details?id=com.crowst.crowstapp&amp;hl=fi&amp;gl=US\" target=\"_blank\" rel=\"noopener\"><img loading=\"lazy\" decoding=\"async\" width=\"596\" height=\"168\" src=\"https:\/\/crowst.com\/crowsters\/wp-content\/uploads\/sites\/2\/2021\/10\/lataa-crowst-googleplaystoresta.png\" alt=\"\" class=\"wp-image-774\" srcset=\"https:\/\/www.crowst.com\/crowsters\/wp-content\/uploads\/sites\/2\/2021\/10\/lataa-crowst-googleplaystoresta.png 596w, https:\/\/www.crowst.com\/crowsters\/wp-content\/uploads\/sites\/2\/2021\/10\/lataa-crowst-googleplaystoresta-250x70.png 250w, https:\/\/www.crowst.com\/crowsters\/wp-content\/uploads\/sites\/2\/2021\/10\/lataa-crowst-googleplaystoresta-120x34.png 120w\" sizes=\"auto, (max-width: 596px) 100vw, 596px\" \/><\/a><\/figure>\n<\/div>\n<\/div>\n<\/div><\/div>\n","protected":false},"excerpt":{"rendered":"K\u00e4ytt\u00e4\u00e4 lahjakortit Ker\u00e4\u00e4&nbsp;Ikea-lahjakortteja kaapin ostoa varten Kyselyihin vastaaminen laajentaa n\u00e4k\u00f6kulmia \u00c5bo Akademin toimistoem\u00e4nt\u00e4n\u00e4 ty\u00f6skentelev\u00e4lle Sirpalle perhe ja yst\u00e4vyyssuhteet ovat l\u00e4hell\u00e4 syd\u00e4nt\u00e4. Aikuiset lapset ovat jo muuttaneet pois kotoa, joten vapaa-aikana yst\u00e4v\u00e4t kutsutaan Sirpan ja h\u00e4nen aviomiehens\u00e4 kotiin pitk\u00e4n kaavan illalliselle tai l\u00e4hdet\u00e4\u00e4n kulttuuririentoihin esimerkiksi teatterin tai konserttien muodossa. Uteliaan ja kokeilunhaluisen Sirpan harrastuksiin kuuluu my\u00f6s&#8230; <a class=\"view-article\" href=\"https:\/\/www.crowst.com\/crowsters\/fi\/anna-me-kerromme\/sirpa-60-turkku\/\">Read article<\/a>","protected":false},"author":1,"featured_media":195,"parent":162,"menu_order":0,"comment_status":"closed","ping_status":"closed","template":"single-crowster.php","meta":{"inline_featured_image":false,"footnotes":""},"class_list":["post-196","page","type-page","status-publish","has-post-thumbnail","hentry"],"yoast_head":"<!-- This site is optimized with the Yoast SEO Premium plugin v24.0 (Yoast SEO v27.5) - https:\/\/yoast.com\/product\/yoast-seo-premium-wordpress\/ -->\n<title>Sirpa 60, Turkku - Crowsters<\/title>\n<meta name=\"robots\" content=\"index, follow, max-snippet:-1, max-image-preview:large, max-video-preview:-1\" \/>\n<link rel=\"canonical\" href=\"https:\/\/www.crowst.com\/crowsters\/fi\/anna-me-kerromme\/sirpa-60-turkku\/\" \/>\n<meta property=\"og:locale\" content=\"fi_FI\" \/>\n<meta property=\"og:type\" content=\"article\" \/>\n<meta property=\"og:title\" content=\"Sirpa 60, Turkku\" \/>\n<meta property=\"og:description\" content=\"K\u00e4ytt\u00e4\u00e4 lahjakortit Ker\u00e4\u00e4&nbsp;Ikea-lahjakortteja kaapin ostoa varten Kyselyihin vastaaminen laajentaa n\u00e4k\u00f6kulmia \u00c5bo Akademin toimistoem\u00e4nt\u00e4n\u00e4 ty\u00f6skentelev\u00e4lle Sirpalle perhe ja yst\u00e4vyyssuhteet ovat l\u00e4hell\u00e4 syd\u00e4nt\u00e4. Aikuiset lapset ovat jo muuttaneet pois kotoa, joten vapaa-aikana yst\u00e4v\u00e4t kutsutaan Sirpan ja h\u00e4nen aviomiehens\u00e4 kotiin pitk\u00e4n kaavan illalliselle tai l\u00e4hdet\u00e4\u00e4n kulttuuririentoihin esimerkiksi teatterin tai konserttien muodossa. Uteliaan ja kokeilunhaluisen Sirpan harrastuksiin kuuluu my\u00f6s... Read article\" \/>\n<meta property=\"og:url\" content=\"https:\/\/www.crowst.com\/crowsters\/fi\/anna-me-kerromme\/sirpa-60-turkku\/\" \/>\n<meta property=\"og:site_name\" content=\"Crowsters\" \/>\n<meta property=\"article:publisher\" content=\"https:\/\/www.facebook.com\/CrowstApp\/\" \/>\n<meta property=\"article:modified_time\" content=\"2021-11-05T09:09:23+00:00\" \/>\n<meta property=\"og:image\" content=\"https:\/\/crowstcom-wp14195.test.cchosting.fi\/crowsters\/wp-content\/uploads\/sites\/2\/2021\/09\/sirpa-bg-e1633503529140.png\" \/>\n\t<meta property=\"og:image:width\" content=\"1000\" \/>\n\t<meta property=\"og:image:height\" content=\"445\" \/>\n\t<meta property=\"og:image:type\" content=\"image\/png\" \/>\n<meta name=\"twitter:card\" content=\"summary_large_image\" \/>\n<meta name=\"twitter:label1\" content=\"Arvioitu lukuaika\" \/>\n\t<meta name=\"twitter:data1\" content=\"2 minuuttia\" \/>\n<script type=\"application\/ld+json\" class=\"yoast-schema-graph\">{\"@context\":\"https:\\\/\\\/schema.org\",\"@graph\":[{\"@type\":\"WebPage\",\"@id\":\"https:\\\/\\\/www.crowst.com\\\/crowsters\\\/fi\\\/anna-me-kerromme\\\/sirpa-60-turkku\\\/\",\"url\":\"https:\\\/\\\/www.crowst.com\\\/crowsters\\\/fi\\\/anna-me-kerromme\\\/sirpa-60-turkku\\\/\",\"name\":\"Sirpa 60, Turkku - Crowsters\",\"isPartOf\":{\"@id\":\"https:\\\/\\\/www.crowst.com\\\/crowsters\\\/#website\"},\"primaryImageOfPage\":{\"@id\":\"https:\\\/\\\/www.crowst.com\\\/crowsters\\\/fi\\\/anna-me-kerromme\\\/sirpa-60-turkku\\\/#primaryimage\"},\"image\":{\"@id\":\"https:\\\/\\\/www.crowst.com\\\/crowsters\\\/fi\\\/anna-me-kerromme\\\/sirpa-60-turkku\\\/#primaryimage\"},\"thumbnailUrl\":\"https:\\\/\\\/www.crowst.com\\\/crowsters\\\/wp-content\\\/uploads\\\/sites\\\/2\\\/2021\\\/09\\\/sirpa-bg-e1633503529140.png\",\"datePublished\":\"2021-09-24T07:41:03+00:00\",\"dateModified\":\"2021-11-05T09:09:23+00:00\",\"breadcrumb\":{\"@id\":\"https:\\\/\\\/www.crowst.com\\\/crowsters\\\/fi\\\/anna-me-kerromme\\\/sirpa-60-turkku\\\/#breadcrumb\"},\"inLanguage\":\"fi\",\"potentialAction\":[{\"@type\":\"ReadAction\",\"target\":[\"https:\\\/\\\/www.crowst.com\\\/crowsters\\\/fi\\\/anna-me-kerromme\\\/sirpa-60-turkku\\\/\"]}]},{\"@type\":\"ImageObject\",\"inLanguage\":\"fi\",\"@id\":\"https:\\\/\\\/www.crowst.com\\\/crowsters\\\/fi\\\/anna-me-kerromme\\\/sirpa-60-turkku\\\/#primaryimage\",\"url\":\"https:\\\/\\\/www.crowst.com\\\/crowsters\\\/wp-content\\\/uploads\\\/sites\\\/2\\\/2021\\\/09\\\/sirpa-bg-e1633503529140.png\",\"contentUrl\":\"https:\\\/\\\/www.crowst.com\\\/crowsters\\\/wp-content\\\/uploads\\\/sites\\\/2\\\/2021\\\/09\\\/sirpa-bg-e1633503529140.png\",\"width\":1000,\"height\":445},{\"@type\":\"BreadcrumbList\",\"@id\":\"https:\\\/\\\/www.crowst.com\\\/crowsters\\\/fi\\\/anna-me-kerromme\\\/sirpa-60-turkku\\\/#breadcrumb\",\"itemListElement\":[{\"@type\":\"ListItem\",\"position\":1,\"name\":\"Etusivu\",\"item\":\"https:\\\/\\\/www.crowst.com\\\/crowsters\\\/\"},{\"@type\":\"ListItem\",\"position\":2,\"name\":\"Anna me kerromme\",\"item\":\"https:\\\/\\\/crowstcom-wp14195.test.cchosting.fi\\\/crowsters\\\/fi\\\/anna-me-kerromme\\\/\"},{\"@type\":\"ListItem\",\"position\":3,\"name\":\"Sirpa 60, Turkku\"}]},{\"@type\":\"WebSite\",\"@id\":\"https:\\\/\\\/www.crowst.com\\\/crowsters\\\/#website\",\"url\":\"https:\\\/\\\/www.crowst.com\\\/crowsters\\\/\",\"name\":\"Crowsters\",\"description\":\"\",\"publisher\":{\"@id\":\"https:\\\/\\\/www.crowst.com\\\/crowsters\\\/#organization\"},\"potentialAction\":[{\"@type\":\"SearchAction\",\"target\":{\"@type\":\"EntryPoint\",\"urlTemplate\":\"https:\\\/\\\/www.crowst.com\\\/crowsters\\\/?s={search_term_string}\"},\"query-input\":{\"@type\":\"PropertyValueSpecification\",\"valueRequired\":true,\"valueName\":\"search_term_string\"}}],\"inLanguage\":\"fi\"},{\"@type\":\"Organization\",\"@id\":\"https:\\\/\\\/www.crowst.com\\\/crowsters\\\/#organization\",\"name\":\"Crowst\",\"url\":\"https:\\\/\\\/www.crowst.com\\\/crowsters\\\/\",\"logo\":{\"@type\":\"ImageObject\",\"inLanguage\":\"fi\",\"@id\":\"https:\\\/\\\/www.crowst.com\\\/crowsters\\\/#\\\/schema\\\/logo\\\/image\\\/\",\"url\":\"https:\\\/\\\/crowst.com\\\/crowsters\\\/wp-content\\\/uploads\\\/sites\\\/2\\\/2021\\\/10\\\/logo-orange.svg\",\"contentUrl\":\"https:\\\/\\\/crowst.com\\\/crowsters\\\/wp-content\\\/uploads\\\/sites\\\/2\\\/2021\\\/10\\\/logo-orange.svg\",\"width\":486,\"height\":104,\"caption\":\"Crowst\"},\"image\":{\"@id\":\"https:\\\/\\\/www.crowst.com\\\/crowsters\\\/#\\\/schema\\\/logo\\\/image\\\/\"},\"sameAs\":[\"https:\\\/\\\/www.facebook.com\\\/CrowstApp\\\/\",\"https:\\\/\\\/www.instagram.com\\\/crowstapp\\\/\",\"https:\\\/\\\/www.linkedin.com\\\/company\\\/crowst\\\/\"]}]}<\/script>\n<!-- \/ Yoast SEO Premium plugin. -->","yoast_head_json":{"title":"Sirpa 60, Turkku - Crowsters","robots":{"index":"index","follow":"follow","max-snippet":"max-snippet:-1","max-image-preview":"max-image-preview:large","max-video-preview":"max-video-preview:-1"},"canonical":"https:\/\/www.crowst.com\/crowsters\/fi\/anna-me-kerromme\/sirpa-60-turkku\/","og_locale":"fi_FI","og_type":"article","og_title":"Sirpa 60, Turkku","og_description":"K\u00e4ytt\u00e4\u00e4 lahjakortit Ker\u00e4\u00e4&nbsp;Ikea-lahjakortteja kaapin ostoa varten Kyselyihin vastaaminen laajentaa n\u00e4k\u00f6kulmia \u00c5bo Akademin toimistoem\u00e4nt\u00e4n\u00e4 ty\u00f6skentelev\u00e4lle Sirpalle perhe ja yst\u00e4vyyssuhteet ovat l\u00e4hell\u00e4 syd\u00e4nt\u00e4. Aikuiset lapset ovat jo muuttaneet pois kotoa, joten vapaa-aikana yst\u00e4v\u00e4t kutsutaan Sirpan ja h\u00e4nen aviomiehens\u00e4 kotiin pitk\u00e4n kaavan illalliselle tai l\u00e4hdet\u00e4\u00e4n kulttuuririentoihin esimerkiksi teatterin tai konserttien muodossa. Uteliaan ja kokeilunhaluisen Sirpan harrastuksiin kuuluu my\u00f6s... Read article","og_url":"https:\/\/www.crowst.com\/crowsters\/fi\/anna-me-kerromme\/sirpa-60-turkku\/","og_site_name":"Crowsters","article_publisher":"https:\/\/www.facebook.com\/CrowstApp\/","article_modified_time":"2021-11-05T09:09:23+00:00","og_image":[{"width":1000,"height":445,"url":"https:\/\/crowstcom-wp14195.test.cchosting.fi\/crowsters\/wp-content\/uploads\/sites\/2\/2021\/09\/sirpa-bg-e1633503529140.png","type":"image\/png"}],"twitter_card":"summary_large_image","twitter_misc":{"Arvioitu lukuaika":"2 minuuttia"},"schema":{"@context":"https:\/\/schema.org","@graph":[{"@type":"WebPage","@id":"https:\/\/www.crowst.com\/crowsters\/fi\/anna-me-kerromme\/sirpa-60-turkku\/","url":"https:\/\/www.crowst.com\/crowsters\/fi\/anna-me-kerromme\/sirpa-60-turkku\/","name":"Sirpa 60, Turkku - Crowsters","isPartOf":{"@id":"https:\/\/www.crowst.com\/crowsters\/#website"},"primaryImageOfPage":{"@id":"https:\/\/www.crowst.com\/crowsters\/fi\/anna-me-kerromme\/sirpa-60-turkku\/#primaryimage"},"image":{"@id":"https:\/\/www.crowst.com\/crowsters\/fi\/anna-me-kerromme\/sirpa-60-turkku\/#primaryimage"},"thumbnailUrl":"https:\/\/www.crowst.com\/crowsters\/wp-content\/uploads\/sites\/2\/2021\/09\/sirpa-bg-e1633503529140.png","datePublished":"2021-09-24T07:41:03+00:00","dateModified":"2021-11-05T09:09:23+00:00","breadcrumb":{"@id":"https:\/\/www.crowst.com\/crowsters\/fi\/anna-me-kerromme\/sirpa-60-turkku\/#breadcrumb"},"inLanguage":"fi","potentialAction":[{"@type":"ReadAction","target":["https:\/\/www.crowst.com\/crowsters\/fi\/anna-me-kerromme\/sirpa-60-turkku\/"]}]},{"@type":"ImageObject","inLanguage":"fi","@id":"https:\/\/www.crowst.com\/crowsters\/fi\/anna-me-kerromme\/sirpa-60-turkku\/#primaryimage","url":"https:\/\/www.crowst.com\/crowsters\/wp-content\/uploads\/sites\/2\/2021\/09\/sirpa-bg-e1633503529140.png","contentUrl":"https:\/\/www.crowst.com\/crowsters\/wp-content\/uploads\/sites\/2\/2021\/09\/sirpa-bg-e1633503529140.png","width":1000,"height":445},{"@type":"BreadcrumbList","@id":"https:\/\/www.crowst.com\/crowsters\/fi\/anna-me-kerromme\/sirpa-60-turkku\/#breadcrumb","itemListElement":[{"@type":"ListItem","position":1,"name":"Etusivu","item":"https:\/\/www.crowst.com\/crowsters\/"},{"@type":"ListItem","position":2,"name":"Anna me kerromme","item":"https:\/\/crowstcom-wp14195.test.cchosting.fi\/crowsters\/fi\/anna-me-kerromme\/"},{"@type":"ListItem","position":3,"name":"Sirpa 60, Turkku"}]},{"@type":"WebSite","@id":"https:\/\/www.crowst.com\/crowsters\/#website","url":"https:\/\/www.crowst.com\/crowsters\/","name":"Crowsters","description":"","publisher":{"@id":"https:\/\/www.crowst.com\/crowsters\/#organization"},"potentialAction":[{"@type":"SearchAction","target":{"@type":"EntryPoint","urlTemplate":"https:\/\/www.crowst.com\/crowsters\/?s={search_term_string}"},"query-input":{"@type":"PropertyValueSpecification","valueRequired":true,"valueName":"search_term_string"}}],"inLanguage":"fi"},{"@type":"Organization","@id":"https:\/\/www.crowst.com\/crowsters\/#organization","name":"Crowst","url":"https:\/\/www.crowst.com\/crowsters\/","logo":{"@type":"ImageObject","inLanguage":"fi","@id":"https:\/\/www.crowst.com\/crowsters\/#\/schema\/logo\/image\/","url":"https:\/\/crowst.com\/crowsters\/wp-content\/uploads\/sites\/2\/2021\/10\/logo-orange.svg","contentUrl":"https:\/\/crowst.com\/crowsters\/wp-content\/uploads\/sites\/2\/2021\/10\/logo-orange.svg","width":486,"height":104,"caption":"Crowst"},"image":{"@id":"https:\/\/www.crowst.com\/crowsters\/#\/schema\/logo\/image\/"},"sameAs":["https:\/\/www.facebook.com\/CrowstApp\/","https:\/\/www.instagram.com\/crowstapp\/","https:\/\/www.linkedin.com\/company\/crowst\/"]}]}},"_links":{"self":[{"href":"https:\/\/www.crowst.com\/crowsters\/wp-json\/wp\/v2\/pages\/196","targetHints":{"allow":["GET"]}}],"collection":[{"href":"https:\/\/www.crowst.com\/crowsters\/wp-json\/wp\/v2\/pages"}],"about":[{"href":"https:\/\/www.crowst.com\/crowsters\/wp-json\/wp\/v2\/types\/page"}],"author":[{"embeddable":true,"href":"https:\/\/www.crowst.com\/crowsters\/wp-json\/wp\/v2\/users\/1"}],"replies":[{"embeddable":true,"href":"https:\/\/www.crowst.com\/crowsters\/wp-json\/wp\/v2\/comments?post=196"}],"version-history":[{"count":5,"href":"https:\/\/www.crowst.com\/crowsters\/wp-json\/wp\/v2\/pages\/196\/revisions"}],"predecessor-version":[{"id":1161,"href":"https:\/\/www.crowst.com\/crowsters\/wp-json\/wp\/v2\/pages\/196\/revisions\/1161"}],"up":[{"embeddable":true,"href":"https:\/\/www.crowst.com\/crowsters\/wp-json\/wp\/v2\/pages\/162"}],"wp:featuredmedia":[{"embeddable":true,"href":"https:\/\/www.crowst.com\/crowsters\/wp-json\/wp\/v2\/media\/195"}],"wp:attachment":[{"href":"https:\/\/www.crowst.com\/crowsters\/wp-json\/wp\/v2\/media?parent=196"}],"curies":[{"name":"wp","href":"https:\/\/api.w.org\/{rel}","templated":true}]}}