{"id":160,"date":"2021-09-24T10:08:59","date_gmt":"2021-09-24T07:08:59","guid":{"rendered":"https:\/\/crowst.com\/crowsters\/?page_id=160"},"modified":"2024-10-12T15:53:52","modified_gmt":"2024-10-12T12:53:52","slug":"fanny-21-espoo","status":"publish","type":"page","link":"https:\/\/www.crowst.com\/crowsters\/fi\/anna-me-kerromme\/fanny-21-espoo\/","title":{"rendered":"Fanny 21, Espoo"},"content":{"rendered":"\n<h6 class=\"wp-block-heading\" id=\"h-kayttaa-lahjakortit\">K\u00e4ytt\u00e4\u00e4 lahjakortit<\/h6>\n\n\n\n<p>On mukavaa saada jotain pient\u00e4 kivaa itselleen!<\/p>\n\n\n\n<figure class=\"wp-block-image size-large\"><img loading=\"lazy\" decoding=\"async\" width=\"700\" height=\"700\" src=\"https:\/\/crowst.com\/crowsters\/wp-content\/uploads\/sites\/2\/2021\/11\/fanny-700x700.jpg\" alt=\"\" class=\"wp-image-1059\" srcset=\"https:\/\/www.crowst.com\/crowsters\/wp-content\/uploads\/sites\/2\/2021\/11\/fanny-700x700.jpg 700w, https:\/\/www.crowst.com\/crowsters\/wp-content\/uploads\/sites\/2\/2021\/11\/fanny-250x250.jpg 250w, https:\/\/www.crowst.com\/crowsters\/wp-content\/uploads\/sites\/2\/2021\/11\/fanny-150x150.jpg 150w, https:\/\/www.crowst.com\/crowsters\/wp-content\/uploads\/sites\/2\/2021\/11\/fanny-120x120.jpg 120w, https:\/\/www.crowst.com\/crowsters\/wp-content\/uploads\/sites\/2\/2021\/11\/fanny.jpg 768w\" sizes=\"auto, (max-width: 700px) 100vw, 700px\" \/><\/figure>\n\n\n\n<h4 class=\"wp-block-heading\" id=\"h-konkreettinen-tapa-vaikuttaa\">Konkreettinen tapa vaikuttaa<\/h4>\n\n\n\n<p class=\"ingress\"><em>Aktiivinen ja energinen Fanny opiskelee kauppatieteit\u00e4 Aalto-yliopistossa ja ty\u00f6skentee kahvilassa osa-aikaisesti. Aktiiviseen arkeen kuuluu kiinte\u00e4n\u00e4 osana my\u00f6s urheilu. \u201dHarrastin vuosia kilpacheerleadingia, mutta jouduin hiljattain lopettamaan sen ajan puutteen vuoksi. K\u00e4yn kuitenkin salilla nelj\u00e4 kertaa viikossa ja lis\u00e4ksi pelaan tennist\u00e4\u201d, Fanny kertoo. \u201dOlen aika kunnianhimoinen, joten arjessa on pakostakin aika paljon rutiineja. Yleens\u00e4 k\u00e4yn aamusalilla, jonka j\u00e4lkeen on ohjelmassa opiskelua joko kotona tai yliopistolla. Illalla sitten k\u00e4yn t\u00f6iss\u00e4 tai viet\u00e4n aikaa kavereiden kanssa.\u201d<\/em><\/p>\n\n\n\n<p>Viel\u00e4 vanhempiensa kanssa asuvalle Fannylle perhe on ykk\u00f6nen, mutta my\u00f6s yst\u00e4v\u00e4t ovat t\u00e4rkeit\u00e4. \u201dOlen todella sosiaalinen ja parasta hauskanpitoa on j\u00e4rjest\u00e4\u00e4 illanistujaiset parhaiden kavereiden kanssa, joko ihan vaan ottamalla rennosti tai v\u00e4h\u00e4n juhlien. Kova juhliminen ei en\u00e4\u00e4 kiinnosta, mutta opiskeluun liittyviin juhliin pyrin kyll\u00e4 osallistumaan.\u201d, Fanny kertoo ja jatkaa \u201dTasa-arvoasiat ovat minulle t\u00e4rkeit\u00e4, ja periaatteisiini kuuluu, ettei ket\u00e4\u00e4n syrjit\u00e4.\u201d<\/p>\n\n\n\n<p>Crowstia Fanny muistelee k\u00e4ytt\u00e4neens\u00e4 noin 1,5 vuotta. \u201dN\u00e4in mainoksen Instassa ja ajattelin, ett\u00e4 olisi hauskaa vastailla kyselyihin. Olin aluksi skeptinen palkitsemisj\u00e4rjestelm\u00e4st\u00e4, sill\u00e4 kaikki vaikutti liian hyv\u00e4lt\u00e4 ollakseen totta. Ensimm\u00e4isen lahjakortin saatuani huomasin kuitenkin, ett\u00e4 t\u00e4m\u00e4h\u00e4n toimii ja Crowst j\u00e4i osaksi arkeani.\u201d, Fanny sanoo. Fanny kertoo vastaavansa miss\u00e4 tahansa suoritettaviin kyselyihin aika lailla heti kun viesti uudesta kyselyst\u00e4 kilahtaa puhelimeen. \u201dCrowstin k\u00e4ytt\u00f6 on hyv\u00e4\u00e4 ajanvietett\u00e4 esimerkiksi bussilla matkustaessa. Pid\u00e4n liikkuessani my\u00f6s sovelluksen karttaa silm\u00e4ll\u00e4 teht\u00e4vien varalta. Kerran kyll\u00e4 l\u00e4hdin my\u00f6s kotoa varta vasten lenkkeilem\u00e4\u00e4n l\u00e4heiselle Shellille teht\u00e4v\u00e4\u00e4 suorittamaan!\u201d, Fanny nauraa.<\/p>\n\n\n\n<blockquote class=\"wp-block-quote is-layout-flow wp-block-quote-is-layout-flow\">\n<p>\u201dArvostelut on kivoja! Kaikista parasta on p\u00e4\u00e4st\u00e4 antamaan palautetta sellaisista asioista, joihin on oikeasti jokin vahva mielipide.\u201d<\/p>\n<\/blockquote>\n\n\n\n<p>Mielekk\u00e4impi\u00e4 teht\u00e4vi\u00e4 Fannylle ovat erilaiset arviointiteht\u00e4v\u00e4t. \u201dArvostelut on kivoja! Kaikista parasta on p\u00e4\u00e4st\u00e4 antamaan palautetta sellaisista asioista, joihin on oikeasti jokin vahva mielipide. On my\u00f6s mielenkiintoista huomata, kuinka teht\u00e4vist\u00e4 oppii uutta ja alkaa kiinnitt\u00e4\u00e4 tiettyihin asioihin eri tavalla huomiota ihan normaaliarjessa, esimerkiksi asiakaspalvelutilanteissa.\u201d, Fanny kuvailee.<\/p>\n\n\n\n<p>Vaikka Fanny oli aluksi skeptinen palkkioj\u00e4rjestelm\u00e4n toimivuudesta, ensimm\u00e4isen lahjakortin lunastamisen j\u00e4lkeen ep\u00e4ilyt h\u00e4lveniv\u00e4t. \u201dOn aina kiva n\u00e4hd\u00e4, kun Crowst-tilin saldo nousee. Se on sellainen pieni piristys p\u00e4iv\u00e4\u00e4n. Aluksi taisin lunastaa lahjakortteja vaatekauppoihin kuten Nelly.comiin ja Zalandolle. Harvemmin ostan itselleni mit\u00e4\u00e4n kummempaa, joten on kiva k\u00e4ytt\u00e4\u00e4 lahjakortit ostaakseni jotain sellaista pient\u00e4 kivaa itselle, mit\u00e4 ei muuten tulisi ostettua, Fanny kertoo ja t\u00e4ydent\u00e4\u00e4: \u201dCrowstin k\u00e4ytt\u00f6 on todella hauskaa ja itse olen ehtinyt tienaamaan jo suuren m\u00e4\u00e4r\u00e4n lahjakortteja! T\u00e4m\u00e4 on konkreettinen tapa vaikuttaa asioihin. Suosittelen.<\/p>\n\n\n\n<div class=\"wp-block-group greige-section slim-content fullwidth\"><div class=\"wp-block-group__inner-container is-layout-flow wp-block-group-is-layout-flow\">\n<h2 class=\"has-text-align-center wp-block-heading\">Anna maailman <br>kuulla <span class=\"bold\">\u00e4\u00e4nesi<\/span><\/h2>\n\n\n\n<div class=\"wp-block-columns lataa-sovellus is-layout-flex wp-container-core-columns-is-layout-9d6595d7 wp-block-columns-is-layout-flex\">\n<div class=\"wp-block-column is-layout-flow wp-block-column-is-layout-flow\">\n<figure class=\"wp-block-image size-full\"><a href=\"https:\/\/apps.apple.com\/fi\/app\/crowst\/id1139748148\" target=\"_blank\" rel=\"noopener\"><img loading=\"lazy\" decoding=\"async\" width=\"596\" height=\"168\" src=\"https:\/\/crowst.com\/crowsters\/wp-content\/uploads\/sites\/2\/2021\/10\/lataa-crowst-appstoresta.png\" alt=\"\" class=\"wp-image-775\" srcset=\"https:\/\/www.crowst.com\/crowsters\/wp-content\/uploads\/sites\/2\/2021\/10\/lataa-crowst-appstoresta.png 596w, https:\/\/www.crowst.com\/crowsters\/wp-content\/uploads\/sites\/2\/2021\/10\/lataa-crowst-appstoresta-250x70.png 250w, https:\/\/www.crowst.com\/crowsters\/wp-content\/uploads\/sites\/2\/2021\/10\/lataa-crowst-appstoresta-120x34.png 120w\" sizes=\"auto, (max-width: 596px) 100vw, 596px\" \/><\/a><\/figure>\n<\/div>\n\n\n\n<div class=\"wp-block-column is-layout-flow wp-block-column-is-layout-flow\">\n<figure class=\"wp-block-image size-full\"><a href=\"https:\/\/play.google.com\/store\/apps\/details?id=com.crowst.crowstapp&amp;hl=fi&amp;gl=US\" target=\"_blank\" rel=\"noopener\"><img loading=\"lazy\" decoding=\"async\" width=\"596\" height=\"168\" src=\"https:\/\/crowst.com\/crowsters\/wp-content\/uploads\/sites\/2\/2021\/10\/lataa-crowst-googleplaystoresta.png\" alt=\"\" class=\"wp-image-774\" srcset=\"https:\/\/www.crowst.com\/crowsters\/wp-content\/uploads\/sites\/2\/2021\/10\/lataa-crowst-googleplaystoresta.png 596w, https:\/\/www.crowst.com\/crowsters\/wp-content\/uploads\/sites\/2\/2021\/10\/lataa-crowst-googleplaystoresta-250x70.png 250w, https:\/\/www.crowst.com\/crowsters\/wp-content\/uploads\/sites\/2\/2021\/10\/lataa-crowst-googleplaystoresta-120x34.png 120w\" sizes=\"auto, (max-width: 596px) 100vw, 596px\" \/><\/a><\/figure>\n<\/div>\n<\/div>\n<\/div><\/div>\n","protected":false},"excerpt":{"rendered":"K\u00e4ytt\u00e4\u00e4 lahjakortit On mukavaa saada jotain pient\u00e4 kivaa itselleen! Konkreettinen tapa vaikuttaa Aktiivinen ja energinen Fanny opiskelee kauppatieteit\u00e4 Aalto-yliopistossa ja ty\u00f6skentee kahvilassa osa-aikaisesti. Aktiiviseen arkeen kuuluu kiinte\u00e4n\u00e4 osana my\u00f6s urheilu. \u201dHarrastin vuosia kilpacheerleadingia, mutta jouduin hiljattain lopettamaan sen ajan puutteen vuoksi. K\u00e4yn kuitenkin salilla nelj\u00e4 kertaa viikossa ja lis\u00e4ksi pelaan tennist\u00e4\u201d, Fanny kertoo. \u201dOlen aika&#8230; <a class=\"view-article\" href=\"https:\/\/www.crowst.com\/crowsters\/fi\/anna-me-kerromme\/fanny-21-espoo\/\">Read article<\/a>","protected":false},"author":1,"featured_media":150,"parent":162,"menu_order":0,"comment_status":"closed","ping_status":"closed","template":"single-crowster.php","meta":{"inline_featured_image":false,"footnotes":""},"class_list":["post-160","page","type-page","status-publish","has-post-thumbnail","hentry"],"yoast_head":"<!-- This site is optimized with the Yoast SEO Premium plugin v24.0 (Yoast SEO v27.5) - https:\/\/yoast.com\/product\/yoast-seo-premium-wordpress\/ -->\n<title>Fanny 21, Espoo - Crowsters<\/title>\n<meta name=\"robots\" content=\"index, follow, max-snippet:-1, max-image-preview:large, max-video-preview:-1\" \/>\n<link rel=\"canonical\" href=\"https:\/\/www.crowst.com\/crowsters\/fi\/anna-me-kerromme\/fanny-21-espoo\/\" \/>\n<meta property=\"og:locale\" content=\"fi_FI\" \/>\n<meta property=\"og:type\" content=\"article\" \/>\n<meta property=\"og:title\" content=\"Fanny 21, Espoo\" \/>\n<meta property=\"og:description\" content=\"K\u00e4ytt\u00e4\u00e4 lahjakortit On mukavaa saada jotain pient\u00e4 kivaa itselleen! Konkreettinen tapa vaikuttaa Aktiivinen ja energinen Fanny opiskelee kauppatieteit\u00e4 Aalto-yliopistossa ja ty\u00f6skentee kahvilassa osa-aikaisesti. Aktiiviseen arkeen kuuluu kiinte\u00e4n\u00e4 osana my\u00f6s urheilu. \u201dHarrastin vuosia kilpacheerleadingia, mutta jouduin hiljattain lopettamaan sen ajan puutteen vuoksi. K\u00e4yn kuitenkin salilla nelj\u00e4 kertaa viikossa ja lis\u00e4ksi pelaan tennist\u00e4\u201d, Fanny kertoo. \u201dOlen aika... Read article\" \/>\n<meta property=\"og:url\" content=\"https:\/\/www.crowst.com\/crowsters\/fi\/anna-me-kerromme\/fanny-21-espoo\/\" \/>\n<meta property=\"og:site_name\" content=\"Crowsters\" \/>\n<meta property=\"article:publisher\" content=\"https:\/\/www.facebook.com\/CrowstApp\/\" \/>\n<meta property=\"article:modified_time\" content=\"2024-10-12T12:53:52+00:00\" \/>\n<meta property=\"og:image\" content=\"https:\/\/www.crowst.com\/crowsters\/wp-content\/uploads\/sites\/2\/2021\/09\/fanny_bg-e1633503571143.png\" \/>\n\t<meta property=\"og:image:width\" content=\"1000\" \/>\n\t<meta property=\"og:image:height\" content=\"427\" \/>\n\t<meta property=\"og:image:type\" content=\"image\/png\" \/>\n<meta name=\"twitter:card\" content=\"summary_large_image\" \/>\n<meta name=\"twitter:label1\" content=\"Arvioitu lukuaika\" \/>\n\t<meta name=\"twitter:data1\" content=\"4 minuuttia\" \/>\n<script type=\"application\/ld+json\" class=\"yoast-schema-graph\">{\"@context\":\"https:\\\/\\\/schema.org\",\"@graph\":[{\"@type\":\"WebPage\",\"@id\":\"https:\\\/\\\/www.crowst.com\\\/crowsters\\\/fi\\\/anna-me-kerromme\\\/fanny-21-espoo\\\/\",\"url\":\"https:\\\/\\\/www.crowst.com\\\/crowsters\\\/fi\\\/anna-me-kerromme\\\/fanny-21-espoo\\\/\",\"name\":\"Fanny 21, Espoo - Crowsters\",\"isPartOf\":{\"@id\":\"https:\\\/\\\/www.crowst.com\\\/crowsters\\\/#website\"},\"primaryImageOfPage\":{\"@id\":\"https:\\\/\\\/www.crowst.com\\\/crowsters\\\/fi\\\/anna-me-kerromme\\\/fanny-21-espoo\\\/#primaryimage\"},\"image\":{\"@id\":\"https:\\\/\\\/www.crowst.com\\\/crowsters\\\/fi\\\/anna-me-kerromme\\\/fanny-21-espoo\\\/#primaryimage\"},\"thumbnailUrl\":\"https:\\\/\\\/www.crowst.com\\\/crowsters\\\/wp-content\\\/uploads\\\/sites\\\/2\\\/2021\\\/09\\\/fanny_bg-e1633503571143.png\",\"datePublished\":\"2021-09-24T07:08:59+00:00\",\"dateModified\":\"2024-10-12T12:53:52+00:00\",\"breadcrumb\":{\"@id\":\"https:\\\/\\\/www.crowst.com\\\/crowsters\\\/fi\\\/anna-me-kerromme\\\/fanny-21-espoo\\\/#breadcrumb\"},\"inLanguage\":\"fi\",\"potentialAction\":[{\"@type\":\"ReadAction\",\"target\":[\"https:\\\/\\\/www.crowst.com\\\/crowsters\\\/fi\\\/anna-me-kerromme\\\/fanny-21-espoo\\\/\"]}]},{\"@type\":\"ImageObject\",\"inLanguage\":\"fi\",\"@id\":\"https:\\\/\\\/www.crowst.com\\\/crowsters\\\/fi\\\/anna-me-kerromme\\\/fanny-21-espoo\\\/#primaryimage\",\"url\":\"https:\\\/\\\/www.crowst.com\\\/crowsters\\\/wp-content\\\/uploads\\\/sites\\\/2\\\/2021\\\/09\\\/fanny_bg-e1633503571143.png\",\"contentUrl\":\"https:\\\/\\\/www.crowst.com\\\/crowsters\\\/wp-content\\\/uploads\\\/sites\\\/2\\\/2021\\\/09\\\/fanny_bg-e1633503571143.png\",\"width\":1000,\"height\":427},{\"@type\":\"BreadcrumbList\",\"@id\":\"https:\\\/\\\/www.crowst.com\\\/crowsters\\\/fi\\\/anna-me-kerromme\\\/fanny-21-espoo\\\/#breadcrumb\",\"itemListElement\":[{\"@type\":\"ListItem\",\"position\":1,\"name\":\"Etusivu\",\"item\":\"https:\\\/\\\/www.crowst.com\\\/crowsters\\\/\"},{\"@type\":\"ListItem\",\"position\":2,\"name\":\"Anna me kerromme\",\"item\":\"https:\\\/\\\/crowstcom-wp14195.test.cchosting.fi\\\/crowsters\\\/fi\\\/anna-me-kerromme\\\/\"},{\"@type\":\"ListItem\",\"position\":3,\"name\":\"Fanny 21, Espoo\"}]},{\"@type\":\"WebSite\",\"@id\":\"https:\\\/\\\/www.crowst.com\\\/crowsters\\\/#website\",\"url\":\"https:\\\/\\\/www.crowst.com\\\/crowsters\\\/\",\"name\":\"Crowsters\",\"description\":\"\",\"publisher\":{\"@id\":\"https:\\\/\\\/www.crowst.com\\\/crowsters\\\/#organization\"},\"potentialAction\":[{\"@type\":\"SearchAction\",\"target\":{\"@type\":\"EntryPoint\",\"urlTemplate\":\"https:\\\/\\\/www.crowst.com\\\/crowsters\\\/?s={search_term_string}\"},\"query-input\":{\"@type\":\"PropertyValueSpecification\",\"valueRequired\":true,\"valueName\":\"search_term_string\"}}],\"inLanguage\":\"fi\"},{\"@type\":\"Organization\",\"@id\":\"https:\\\/\\\/www.crowst.com\\\/crowsters\\\/#organization\",\"name\":\"Crowst\",\"url\":\"https:\\\/\\\/www.crowst.com\\\/crowsters\\\/\",\"logo\":{\"@type\":\"ImageObject\",\"inLanguage\":\"fi\",\"@id\":\"https:\\\/\\\/www.crowst.com\\\/crowsters\\\/#\\\/schema\\\/logo\\\/image\\\/\",\"url\":\"https:\\\/\\\/crowst.com\\\/crowsters\\\/wp-content\\\/uploads\\\/sites\\\/2\\\/2021\\\/10\\\/logo-orange.svg\",\"contentUrl\":\"https:\\\/\\\/crowst.com\\\/crowsters\\\/wp-content\\\/uploads\\\/sites\\\/2\\\/2021\\\/10\\\/logo-orange.svg\",\"width\":486,\"height\":104,\"caption\":\"Crowst\"},\"image\":{\"@id\":\"https:\\\/\\\/www.crowst.com\\\/crowsters\\\/#\\\/schema\\\/logo\\\/image\\\/\"},\"sameAs\":[\"https:\\\/\\\/www.facebook.com\\\/CrowstApp\\\/\",\"https:\\\/\\\/www.instagram.com\\\/crowstapp\\\/\",\"https:\\\/\\\/www.linkedin.com\\\/company\\\/crowst\\\/\"]}]}<\/script>\n<!-- \/ Yoast SEO Premium plugin. -->","yoast_head_json":{"title":"Fanny 21, Espoo - Crowsters","robots":{"index":"index","follow":"follow","max-snippet":"max-snippet:-1","max-image-preview":"max-image-preview:large","max-video-preview":"max-video-preview:-1"},"canonical":"https:\/\/www.crowst.com\/crowsters\/fi\/anna-me-kerromme\/fanny-21-espoo\/","og_locale":"fi_FI","og_type":"article","og_title":"Fanny 21, Espoo","og_description":"K\u00e4ytt\u00e4\u00e4 lahjakortit On mukavaa saada jotain pient\u00e4 kivaa itselleen! Konkreettinen tapa vaikuttaa Aktiivinen ja energinen Fanny opiskelee kauppatieteit\u00e4 Aalto-yliopistossa ja ty\u00f6skentee kahvilassa osa-aikaisesti. Aktiiviseen arkeen kuuluu kiinte\u00e4n\u00e4 osana my\u00f6s urheilu. \u201dHarrastin vuosia kilpacheerleadingia, mutta jouduin hiljattain lopettamaan sen ajan puutteen vuoksi. K\u00e4yn kuitenkin salilla nelj\u00e4 kertaa viikossa ja lis\u00e4ksi pelaan tennist\u00e4\u201d, Fanny kertoo. \u201dOlen aika... Read article","og_url":"https:\/\/www.crowst.com\/crowsters\/fi\/anna-me-kerromme\/fanny-21-espoo\/","og_site_name":"Crowsters","article_publisher":"https:\/\/www.facebook.com\/CrowstApp\/","article_modified_time":"2024-10-12T12:53:52+00:00","og_image":[{"width":1000,"height":427,"url":"https:\/\/www.crowst.com\/crowsters\/wp-content\/uploads\/sites\/2\/2021\/09\/fanny_bg-e1633503571143.png","type":"image\/png"}],"twitter_card":"summary_large_image","twitter_misc":{"Arvioitu lukuaika":"4 minuuttia"},"schema":{"@context":"https:\/\/schema.org","@graph":[{"@type":"WebPage","@id":"https:\/\/www.crowst.com\/crowsters\/fi\/anna-me-kerromme\/fanny-21-espoo\/","url":"https:\/\/www.crowst.com\/crowsters\/fi\/anna-me-kerromme\/fanny-21-espoo\/","name":"Fanny 21, Espoo - Crowsters","isPartOf":{"@id":"https:\/\/www.crowst.com\/crowsters\/#website"},"primaryImageOfPage":{"@id":"https:\/\/www.crowst.com\/crowsters\/fi\/anna-me-kerromme\/fanny-21-espoo\/#primaryimage"},"image":{"@id":"https:\/\/www.crowst.com\/crowsters\/fi\/anna-me-kerromme\/fanny-21-espoo\/#primaryimage"},"thumbnailUrl":"https:\/\/www.crowst.com\/crowsters\/wp-content\/uploads\/sites\/2\/2021\/09\/fanny_bg-e1633503571143.png","datePublished":"2021-09-24T07:08:59+00:00","dateModified":"2024-10-12T12:53:52+00:00","breadcrumb":{"@id":"https:\/\/www.crowst.com\/crowsters\/fi\/anna-me-kerromme\/fanny-21-espoo\/#breadcrumb"},"inLanguage":"fi","potentialAction":[{"@type":"ReadAction","target":["https:\/\/www.crowst.com\/crowsters\/fi\/anna-me-kerromme\/fanny-21-espoo\/"]}]},{"@type":"ImageObject","inLanguage":"fi","@id":"https:\/\/www.crowst.com\/crowsters\/fi\/anna-me-kerromme\/fanny-21-espoo\/#primaryimage","url":"https:\/\/www.crowst.com\/crowsters\/wp-content\/uploads\/sites\/2\/2021\/09\/fanny_bg-e1633503571143.png","contentUrl":"https:\/\/www.crowst.com\/crowsters\/wp-content\/uploads\/sites\/2\/2021\/09\/fanny_bg-e1633503571143.png","width":1000,"height":427},{"@type":"BreadcrumbList","@id":"https:\/\/www.crowst.com\/crowsters\/fi\/anna-me-kerromme\/fanny-21-espoo\/#breadcrumb","itemListElement":[{"@type":"ListItem","position":1,"name":"Etusivu","item":"https:\/\/www.crowst.com\/crowsters\/"},{"@type":"ListItem","position":2,"name":"Anna me kerromme","item":"https:\/\/crowstcom-wp14195.test.cchosting.fi\/crowsters\/fi\/anna-me-kerromme\/"},{"@type":"ListItem","position":3,"name":"Fanny 21, Espoo"}]},{"@type":"WebSite","@id":"https:\/\/www.crowst.com\/crowsters\/#website","url":"https:\/\/www.crowst.com\/crowsters\/","name":"Crowsters","description":"","publisher":{"@id":"https:\/\/www.crowst.com\/crowsters\/#organization"},"potentialAction":[{"@type":"SearchAction","target":{"@type":"EntryPoint","urlTemplate":"https:\/\/www.crowst.com\/crowsters\/?s={search_term_string}"},"query-input":{"@type":"PropertyValueSpecification","valueRequired":true,"valueName":"search_term_string"}}],"inLanguage":"fi"},{"@type":"Organization","@id":"https:\/\/www.crowst.com\/crowsters\/#organization","name":"Crowst","url":"https:\/\/www.crowst.com\/crowsters\/","logo":{"@type":"ImageObject","inLanguage":"fi","@id":"https:\/\/www.crowst.com\/crowsters\/#\/schema\/logo\/image\/","url":"https:\/\/crowst.com\/crowsters\/wp-content\/uploads\/sites\/2\/2021\/10\/logo-orange.svg","contentUrl":"https:\/\/crowst.com\/crowsters\/wp-content\/uploads\/sites\/2\/2021\/10\/logo-orange.svg","width":486,"height":104,"caption":"Crowst"},"image":{"@id":"https:\/\/www.crowst.com\/crowsters\/#\/schema\/logo\/image\/"},"sameAs":["https:\/\/www.facebook.com\/CrowstApp\/","https:\/\/www.instagram.com\/crowstapp\/","https:\/\/www.linkedin.com\/company\/crowst\/"]}]}},"_links":{"self":[{"href":"https:\/\/www.crowst.com\/crowsters\/wp-json\/wp\/v2\/pages\/160","targetHints":{"allow":["GET"]}}],"collection":[{"href":"https:\/\/www.crowst.com\/crowsters\/wp-json\/wp\/v2\/pages"}],"about":[{"href":"https:\/\/www.crowst.com\/crowsters\/wp-json\/wp\/v2\/types\/page"}],"author":[{"embeddable":true,"href":"https:\/\/www.crowst.com\/crowsters\/wp-json\/wp\/v2\/users\/1"}],"replies":[{"embeddable":true,"href":"https:\/\/www.crowst.com\/crowsters\/wp-json\/wp\/v2\/comments?post=160"}],"version-history":[{"count":8,"href":"https:\/\/www.crowst.com\/crowsters\/wp-json\/wp\/v2\/pages\/160\/revisions"}],"predecessor-version":[{"id":1418,"href":"https:\/\/www.crowst.com\/crowsters\/wp-json\/wp\/v2\/pages\/160\/revisions\/1418"}],"up":[{"embeddable":true,"href":"https:\/\/www.crowst.com\/crowsters\/wp-json\/wp\/v2\/pages\/162"}],"wp:featuredmedia":[{"embeddable":true,"href":"https:\/\/www.crowst.com\/crowsters\/wp-json\/wp\/v2\/media\/150"}],"wp:attachment":[{"href":"https:\/\/www.crowst.com\/crowsters\/wp-json\/wp\/v2\/media?parent=160"}],"curies":[{"name":"wp","href":"https:\/\/api.w.org\/{rel}","templated":true}]}}